39337 is divided by 39119.
481
Calculate the remainder when 7886673 is divided by 3943329.
15
Calculate the remainder when 68320 is divided by 13657.
35
What is the remainder when 805736 is divided by 965?
926
Calculate the remainder when 472397 is divided by 217.
205
What is the remainder when 81582308 is divided by 35?
3
Calculate the remainder when 35695 is divided by 35454.
241
What is the remainder when 147738 is divided by 2915?
1988
What is the remainder when 1709186 is divided by 1709161?
25
Calculate the remainder when 1245531 is divided by 1245423.
108
What is the remainder when 5292618 is divided by 5?
3
Calculate the remainder when 3633182 is divided by 908284.
46
Calculate the remainder when 1286247 is divided by 105.
102
Calculate the remainder when 19998142 is divided by 284.
282
Calculate the remainder when 26539 is divided by 1865.
429
Calculate the remainder when 492574 is divided by 1653.
1633
Calculate the remainder when 10869 is divided by 4826.
1217
Calculate the remainder when 17777262 is divided by 4444314.
6
Calculate the remainder when 1620391 is divided by 745.
16
What is the remainder when 94975408 is divided by 1049?
1046
What is the remainder when 363302 is divided by 15135?
62
Calculate the remainder when 2877804 is divided by 2877776.
28
Calculate the remainder when 705385 is divided by 275.
10
What is the remainder when 143555 is divided by 273?
230
Calculate the remainder when 2594 is divided by 1485.
1109
Calculate the remainder when 245859 is divided by 18490.
5489
Calculate the remainder when 63906 is divided by 349.
39
What is the remainder when 4630324 is divided by 6?
4
What is the remainder when 14362843 is divided by 247?
40
Calculate the remainder when 66477 is divided by 1543.
128
What is the remainder when 698456 is divided by 488?
128
Calculate the remainder when 1245166 is divided by 288.
142
Calculate the remainder when 4706014 is divided by 2640.
1534
What is the remainder when 14397 is divided by 14183?
214
What is the remainder when 414550 is divided by 2920?
2830
Calculate the remainder when 36157 is divided by 6018.
49
What is the remainder when 42658481 is divided by 72672?
17
What is the remainder when 8199672 is divided by 160?
152
What is the remainder when 14018154 is divided by 743?
716
Calculate the remainder when 1238755 is divided by 4806.
3613
What is the remainder when 456186 is divided by 41452?
214
Calculate the remainder when 869419 is divided by 1216.
1195
What is the remainder when 99642 is divided by 24902?
34
Calculate the remainder when 6821109 is divided by 17.
12
What is the remainder when 864927 is divided by 432461?
5
Calculate the remainder when 3594833 is divided by 1302.
11
Calculate the remainder when 37160 is divided by 5109.
1397
Calculate the remainder when 727987 is divided by 363955.
77
What is the remainder when 5632247 is divided by 1191?
8
Calculate the remainder when 3568951 is divided by 4326.
1
Calculate the remainder when 1327134 is divided by 1326984.
150
Calculate the remainder when 55217 is divided by 151.
102
Calculate the remainder when 103193807 is divided by 24.
23
Calculate the remainder when 168246 is divided by 13449.
6858
What is the remainder when 159456 is divided by 1201?
924
What is the remainder when 25976 is divided by 2453?
1446
What is the remainder when 53782 is divided by 689?
40
Calculate the remainder when 208825 is divided by 14889.
379
Calculate the remainder when 18969977 is divided by 178962.
5
Calculate the remainder when 8853491 is divided by 176.
163
What is the remainder when 5466674 is divided by 4398?
4358
What is the remainder when 126963607 is divided by 97?
16
Calculate the remainder when 121267 is divided by 23127.
5632
Calculate the remainder when 91071 is divided by 512.
447
Calculate the remainder when 575620227 is divided by 398.
389
What is the remainder when 1065169760 is divided by 333?
329
Calculate the remainder when 142704605 is divided by 886364.
1
Calculate the remainder when 327214 is divided by 46743.
13
Calculate the remainder when 1279296 is divided by 255855.
21
Calculate the remainder when 50003 is divided by 3567.
65
What is the remainder when 100087 is divided by 3032?
31
What is the remainder when 32844011 is divided by 92000?
11
Calculate the remainder when 309367 is divided by 61529.
1722
What is the remainder when 12554409 is divided by 836959?
24
Calculate the remainder when 2826886 is divided by 53336.
78
Calculate the remainder when 488917 is divided by 3790.
7
Calculate the remainder when 94827 is divided by 167.
138
Calculate the remainder when 30709811 is divided by 1164.
1163
Calculate the remainder when 646071 is divided by 730.
21
What is the remainder when 80281275 is divided by 693?
690
Calculate the remainder when 1315594 is divided by 262757.
1809
Calculate the remainder when 14106 is divided by 2726.
476
What is the remainder when 8770270 is divided by 1601?
1593
Calculate the remainder when 8899586 is divided by 269684.
14
Calculate the remainder when 5512584 is divided by 2756288.
8
Calculate the remainder when 9096037 is divided by 95.
72
Calculate the remainder when 4394731 is divided by 3292.
3203
Calculate the remainder when 28492313 is divided by 651.
647
What is the remainder when 1620182 is divided by 270027?
20
What is the remainder when 737986 is divided by 2663?
335
What is the remainder when 13607162 is divided by 13607157?
5
What is the remainder when 3049318 is divided by 508159?
364
Calculate the remainder when 1181278 is divided by 832.
670
Calculate the remainder when 611721 is divided by 34.
27
Calculate the remainder when 4066066 is divided by 203303.
6
What is the remainder when 23660192 is divided by 7886729?
5
Calculate the remainder when 253519 is divided by 109.
94
Calculate the remainder when 23774644 is divided by 120.
4
Calculate the remainder when 525126 is divided by 193.
166
What is the remainder when 414932 is divided by 749?
735
What is the remainder when 15971056 is divided by 301?
297
What is the remainder when 111225 is divided by 36945?
390
Calculate the remainder when 1065328 is divided by 7950.
28
Calculate the remainder when 4901509 is divided by 175.
109
Calculate the remainder when 3698173 is divided by 496.
493
Calculate the remainder when 6199115 is divided by 1549763.
63
Calculate the remainder when 105307372 is divided by 25.
22
What is the remainder when 53122504 is divided by 1130266?
2
Calculate the remainder when 538465 is divided by 12236.
81
Calculate the remainder when 313611 is divided by 104517.
60
What is the remainder when 548250 is divided by 11188?
38
Calculate the remainder when 17183340 is divided by 225.
90
Calculate the remainder when 89687 is divided by 1583.
1039
Calculate the remainder when 28988416 is divided by 1380400.
16
What is the remainder when 127780 is divided by 2512?
2180
What is the remainder when 3974453 is divided by 1324798?
59
Calculate the remainder when 1771935 is divided by 4639.
4476
Calculate the remainder when 98770397 is divided by 20.
17
What is the remainder when 8775831 is divided by 34687?
20
What is the remainder when 486419 is divided by 2?
1
What is the remainder when 30939967 is divided by 8442?
37
Calculate the remainder when 251557870 is divided by 17.
13
Calculate the remainder when 722557908 is divided by 446.
444
Calculate the remainder when 165028 is divided by 13750.
28
What is the remainder when 148451843 is divided by 4721?
4719
Calculate the remainder when 16855 is divided by 299.
111
What is the remainder when 15348032 is divided by 133461?
17
What is the remainder when 19401078 is divided by 6467023?
9
What is the remainder when 16169 is divided by 4257?
3398
What is the remainder when 119280839 is divided by 17?
16
What is the remainder when 199993174 is divided by 72?
70
What is the remainder when 13740103 is divided by 46?
41
What is the remainder when 242648 is divided by 40405?
218
Calculate the remainder when 18144160 is divided by 38.
34
What is the remainder when 594125 is divided by 1148?
609
What is the remainder when 8105844 is divided by 912?
900
Calculate the remainder when 852293 is divided by 121.
90
Calculate the remainder when 258066729 is divided by 